{"id":4166,"date":"2025-05-15T08:58:18","date_gmt":"2025-05-15T08:58:18","guid":{"rendered":"https:\/\/vivaelafonisi.com\/?page_id=4166"},"modified":"2026-04-22T22:45:45","modified_gmt":"2026-04-22T19:45:45","slug":"extend-your-checkout","status":"publish","type":"page","link":"https:\/\/vivaelafonisi.com\/de\/extend-your-checkout\/","title":{"rendered":"Check-in- und Check-out-Richtlinien"},"content":{"rendered":"\n<h3 class=\"wp-block-heading uag-hide-desktop uag-hide-tab uag-hide-mob\"><strong>Fr\u00fcher einchecken oder sp\u00e4ter auschecken?<\/strong><\/h3>\n\n\n\n<p class=\"uag-hide-desktop uag-hide-tab uag-hide-mob\">Wir verstehen das \u2013 manchmal braucht man einfach ein bisschen mehr Zeit. Der regul\u00e4re Check-in ist ab <strong>14:00<\/strong> Uhr m\u00f6glich, und der Check-out bis <strong>11:00<\/strong> Uhr.<br>Wenn du m\u00f6chtest, kannst du fr\u00fcher einchecken <strong>(ab 09:00 Uhr)<\/strong> oder l\u00e4nger bleiben <strong>(bis 16:00 Uhr)<\/strong> \u2013 beides ist f\u00fcr je <strong>12\u202f\u20ac auf Anfrage m\u00f6glich.<\/strong><\/p>\n\n\n\n<p class=\"uag-hide-desktop uag-hide-tab uag-hide-mob\">F\u00fclle einfach das Formular unten aus. Nach dem Absenden erh\u00e4ltst du einen Zahlungslink.<br>Deine Anfrage gilt erst nach erfolgter Zahlung als best\u00e4tigt.<\/p>\n\n\n\n<div class=\"wp-block-uagb-advanced-heading uagb-block-8c956716 uag-hide-desktop uag-hide-tab uag-hide-mob\"><h2 class=\"uagb-heading-text\">Fr\u00fchen Check-In oder sp\u00e4ten Check-Out anfragen<\/h2><\/div>\n\n\n\n<p class=\"is-style-warning uag-hide-desktop uag-hide-tab uag-hide-mob\">Bitte beachte: F\u00fcr die <strong>Yalos Studios<\/strong> sind fr\u00fcher Check-In und sp\u00e4ter Check-Out derzeit nicht verf\u00fcgbar.<br>Wenn du dennoch eine Ausnahme anfragen m\u00f6chtest, <a href=\"https:\/\/vivaelafonisi.com\/de\/kontakt\/\" data-type=\"page\" data-id=\"1831\">kontaktiere uns bitte direkt.<\/a><\/p>\n\n\n\n<p class=\"is-style-info\">Nach vielen Jahren, in denen wir nach M\u00f6glichkeit einen fr\u00fchen Check-in oder sp\u00e4ten Check-out anbieten konnten, ist dies in dieser Saison leider nicht mehr m\u00f6glich. <br><br>Aufgrund von \u00c4nderungen in unserem Reinigungsablauf k\u00f6nnen wir Anfragen au\u00dferhalb der regul\u00e4ren Check-in- und Check-out-Zeiten nicht mehr ber\u00fccksichtigen. <br><br>Wir danken Ihnen f\u00fcr Ihr Verst\u00e4ndnis \u2013 so k\u00f6nnen wir weiterhin die Qualit\u00e4t und Sauberkeit unserer Unterk\u00fcnfte f\u00fcr alle G\u00e4ste sicherstellen.<\/p>\n","protected":false},"excerpt":{"rendered":"<p>Fr\u00fcher einchecken oder sp\u00e4ter auschecken? Wir verstehen das \u2013 manchmal braucht man einfach ein bisschen mehr Zeit. Der regul\u00e4re Check-in ist ab 14:00 Uhr m\u00f6glich, und der Check-out bis 11:00 Uhr.Wenn du m\u00f6chtest, kannst du fr\u00fcher einchecken (ab 09:00 Uhr) oder l\u00e4nger bleiben (bis 16:00 Uhr) \u2013 beides ist f\u00fcr je 12\u202f\u20ac auf Anfrage m\u00f6glich. [&hellip;]<\/p>\n","protected":false},"author":1,"featured_media":0,"parent":0,"menu_order":0,"comment_status":"closed","ping_status":"closed","template":"","meta":{"_acf_changed":false,"_coblocks_attr":"","_coblocks_dimensions":"","_coblocks_responsive_height":"","_coblocks_accordion_ie_support":"","_uag_custom_page_level_css":"","footnotes":""},"class_list":["post-4166","page","type-page","status-publish","hentry"],"acf":[],"uagb_featured_image_src":{"full":false,"thumbnail":false,"medium":false,"medium_large":false,"large":false,"1536x1536":false,"2048x2048":false,"tenweb_optimizer_mobile":false,"tenweb_optimizer_tablet":false},"uagb_author_info":{"display_name":"manos","author_link":"https:\/\/vivaelafonisi.com\/de\/author\/manos\/"},"uagb_comment_info":0,"uagb_excerpt":"Fr\u00fcher einchecken oder sp\u00e4ter auschecken? Wir verstehen das \u2013 manchmal braucht man einfach ein bisschen mehr Zeit. Der regul\u00e4re Check-in ist ab 14:00 Uhr m\u00f6glich, und der Check-out bis 11:00 Uhr.Wenn du m\u00f6chtest, kannst du fr\u00fcher einchecken (ab 09:00 Uhr) oder l\u00e4nger bleiben (bis 16:00 Uhr) \u2013 beides ist f\u00fcr je 12\u202f\u20ac auf Anfrage m\u00f6glich.&hellip;","_links":{"self":[{"href":"https:\/\/vivaelafonisi.com\/de\/wp-json\/wp\/v2\/pages\/4166","targetHints":{"allow":["GET"]}}],"collection":[{"href":"https:\/\/vivaelafonisi.com\/de\/wp-json\/wp\/v2\/pages"}],"about":[{"href":"https:\/\/vivaelafonisi.com\/de\/wp-json\/wp\/v2\/types\/page"}],"author":[{"embeddable":true,"href":"https:\/\/vivaelafonisi.com\/de\/wp-json\/wp\/v2\/users\/1"}],"replies":[{"embeddable":true,"href":"https:\/\/vivaelafonisi.com\/de\/wp-json\/wp\/v2\/comments?post=4166"}],"version-history":[{"count":3,"href":"https:\/\/vivaelafonisi.com\/de\/wp-json\/wp\/v2\/pages\/4166\/revisions"}],"predecessor-version":[{"id":5805,"href":"https:\/\/vivaelafonisi.com\/de\/wp-json\/wp\/v2\/pages\/4166\/revisions\/5805"}],"wp:attachment":[{"href":"https:\/\/vivaelafonisi.com\/de\/wp-json\/wp\/v2\/media?parent=4166"}],"curies":[{"name":"wp","href":"https:\/\/api.w.org\/{rel}","templated":true}]}}

<h3 class="wp-block-heading uag-hide-desktop uag-hide-tab uag-hide-mob"><strong>Früher einchecken oder später auschecken?</strong></h3>



<p class="uag-hide-desktop uag-hide-tab uag-hide-mob">Wir verstehen das – manchmal braucht man einfach ein bisschen mehr Zeit. Der reguläre Check-in ist ab <strong>14:00</strong> Uhr möglich, und der Check-out bis <strong>11:00</strong> Uhr.<br>Wenn du möchtest, kannst du früher einchecken <strong>(ab 09:00 Uhr)</strong> oder länger bleiben <strong>(bis 16:00 Uhr)</strong> – beides ist für je <strong>12 € auf Anfrage möglich.</strong></p>



<p class="uag-hide-desktop uag-hide-tab uag-hide-mob">Fülle einfach das Formular unten aus. Nach dem Absenden erhältst du einen Zahlungslink.<br>Deine Anfrage gilt erst nach erfolgter Zahlung als bestätigt.</p>



<div class="wp-block-uagb-advanced-heading uagb-block-8c956716 uag-hide-desktop uag-hide-tab uag-hide-mob"><h2 class="uagb-heading-text">Frühen Check-In oder späten Check-Out anfragen</h2></div>



<p class="is-style-warning uag-hide-desktop uag-hide-tab uag-hide-mob">Bitte beachte: Für die <strong>Yalos Studios</strong> sind früher Check-In und später Check-Out derzeit nicht verfügbar.<br>Wenn du dennoch eine Ausnahme anfragen möchtest, <a href="https://vivaelafonisi.com/de/kontakt/" data-type="page" data-id="1831">kontaktiere uns bitte direkt.</a></p>



<p class="is-style-info">Nach vielen Jahren, in denen wir nach Möglichkeit einen frühen Check-in oder späten Check-out anbieten konnten, ist dies in dieser Saison leider nicht mehr möglich. <br><br>Aufgrund von Änderungen in unserem Reinigungsablauf können wir Anfragen außerhalb der regulären Check-in- und Check-out-Zeiten nicht mehr berücksichtigen. <br><br>Wir danken Ihnen für Ihr Verständnis – so können wir weiterhin die Qualität und Sauberkeit unserer Unterkünfte für alle Gäste sicherstellen.</p>

<p>Früher einchecken oder später auschecken? Wir verstehen das – manchmal braucht man einfach ein bisschen mehr Zeit. Der reguläre Check-in ist ab 14:00 Uhr möglich, und der Check-out bis 11:00 Uhr.Wenn du möchtest, kannst du früher einchecken (ab 09:00 Uhr) oder länger bleiben (bis 16:00 Uhr) – beides ist für je 12 € auf Anfrage möglich. [&hellip;]</p>

Früher einchecken oder später auschecken? Wir verstehen das – manchmal braucht man einfach ein bisschen mehr Zeit. Der reguläre Check-in ist ab 14:00 Uhr möglich, und der Check-out bis 11:00 Uhr.Wenn du möchtest, kannst du früher einchecken (ab 09:00 Uhr) oder länger bleiben (bis 16:00 Uhr) – beides ist für je 12 € auf Anfrage möglich.&hellip;
